te?
False
Suppose 80*m + 543979 - 3952859 = 0. Is m composite?
False
Let d be (-2)/(4*2/20). Let i(q) be the first derivative of -q**4/4 - 5*q**2/2 - 7*q + 4. Is i(d) composite?
True
Suppose 6*s + 111692 = 10*s. Is s a composite number?
True
Let q be 2/(-8) + -3 + 5205/20. Suppose -4*i = -3*i - q. Is i a prime number?
True
Let a = 2372 + -478. Is a composite?
True
Let d(x) = 1724*x**2 - 8*x - 13. Is d(-2) a composite number?
False
Let x(j) = 190*j**2 - 29*j - 19. Is x(-8) a composite number?
False
Let a = 24 + -21. Suppose 0 = -k + 3*j + 437, -2205 = -5*k - a*j + 8*j. Is k composite?
False
Let p be 2*4/(-24) - (-21)/9. Suppose -p*o = -18 - 116. Is o a composite number?
False
Let b(c) = -11*c + 13. Let p(v) = v + 1. Let m be p(-7). Is b(m) a composite number?
False
Let d = -65 - -696. Is d composite?
False
Suppose -20*y + 3567 = -61*y. Let z = 38 - -2. Let i = z - y. Is i prime?
True
Let m(s) = s + 8. Let o = -26 + 17. Let w be m(o). Is w - (-1 + (-3 - 4)) prime?
True
Suppose 0 = 2*x + m + 3*m - 4, 2*x + 5*m - 5 = 0. Suppose x*o - 4*o = -764. Is o composite?
False
Let b be (-3 + 4)/(2/(-354)). Let f = b + 332. Is f a composite number?
True
Suppose 35326 + 63675 = t. Is t prime?
False
Suppose -3*v + 8 = -1. Suppose 4*f + v*s - 24 = 0, 0 = -2*s - s. Is -2 - (f - 3 - 54) a composite number?
True
Let f(r) = 109*r**2 - 10*r + 5. Is f(-6) composite?
False
Suppose -3*j = -2*j + 130. Suppose -5*t + 239 = -2*i + i, i - t = -239. Let x = j - i. Is x a prime number?
True
Suppose -4*c + 3*c = -1091. Suppose 4*l + c + 2217 = 0. Let w = l + 1414. Is w composite?
False
Suppose -3*a - l - 5999 = -42397, 12146 = a + 3*l. Is a a prime number?
False
Let a = 4071 + 2138. Is a a composite number?
True
Suppose -y = -46 + 299. Let p(t) = t**3 - 6*t**2 + 6*t - 3. Let l be p(5). Is (-4)/(-8) - y/l composite?
False
Let d be (-177)/(-18) - (-4)/24. Suppose -d = v - 34. Let s = 7 + v. Is s composite?
False
Is (12/18)/((-8)/(-14124)) a composite number?
True
Let r be (3795/6 - -1)*-2. Let f = -705 - r. Suppose u - f + 197 = 0. Is u a composite number?
True
Let j be (-74)/(-14) - 12/42. Suppose c = a + 2 - 0, -j*c + 2*a + 7 = 0. Is (c - -333) + (-1)/(-1) a composite number?
True
Let z(f) = -27*f + 80*f + 130*f**2 - 26*f - 1 - 26*f. Is z(2) a composite number?
False
Let n be 5 - -256 - (-5 - -3). Is -2 + 2 - -1*n prime?
True
Let x = -16985 - -31266. Is x composite?
False
Let i = 7177 - -1852. Is i composite?
False
Let d(z) = -42*z**2 - 43*z**2 + 2*z + 7 + 91*z**2. Is d(3) a prime number?
True
Suppose 0 = 57*n - 50*n - 325731. Is n prime?
False
Suppose 5*k - 8304 = -3*d - 1211, k + 2375 = d. Let u = d - 1362. Is u a prime number?
True
Suppose -3 = -4*k + 5*f, -4*k - 1 = 4*f - 13. Suppose 4*p + o - 439 = 0, 6*o = 3*p + o - 335. Suppose k*b - p = -16. Is b a prime number?
True
Is 4*(-21)/14 + 16339 a prime number?
True
Let x(m) = 89*m**2 - 409*m - 17. Is x(-15) composite?
True
Suppose -s - 726 = -2*v + 1401, 4*s + 2*v = -8548. Let i = s + -305. Is i/(-6) - 5/(-15) a prime number?
False
Suppose 0 = 9*i - 5*i + g - 3481, 5*i + 5*g - 4340 = 0. Is i composite?
True
Suppose 5*o + 232 = y, -7*y + 4*o = -3*y - 912. Suppose j + 324 = 3*b - 0*j, 2*b + 3*j = y. Is b composite?
False
Suppose 526 - 17053 = -7*v. Is v composite?
True
Suppose -1428075 = -17*a - 8*a. Suppose 5*g - 2*w + 16 = -23, 0 = 2*g + 4*w + 6. Is (-2)/g + a/63 prime?
True
Let k(j) = 5464*j + 3. Let t be k(5). Suppose 0 = 5*v - t - 9812. Is v composite?
True
Suppose -2*i = -533 - 425. Is i a prime number?
True
Let c = 356 - -139. Suppose -4*n + 1509 = -c. Is n a composite number?
True
Let a(m) = 103*m**2 - 5*m. Let v be a(-4). Suppose v = 4*u - 4*g, 0 = 4*u - 5*g - 1379 - 287. Is u composite?
False
Suppose 4*a = 16, 2*v - 2*a - 2*a = -10. Suppose -3*z - c = -113, -2*c - 3*c = v*z - 109. Is z prime?
False
Suppose 61*o = 66*o + 5*t - 94815, 5*o - 94847 = 3*t. Is o prime?
False
Is 15851 - 2 - (-7 - 3) a prime number?
True
Let f = -448 + 747. Is f prime?
False
Suppose -877 = -3*f + 977. Let x = -325 + f. Is x composite?
False
Let v(z) = z**2 - 7*z + 2. Let x be v(6). Let t be (-126)/x*(-12)/(-9). Suppose -t = -2*o - 4. Is o composite?
False
Let k(i) = -i**2 + 7*i - 10. Let v be k(6). Is (v/8)/((-2)/7460) composite?
True
Let y(h) = -h**3 + 6*h**2 + 4. Let c be y(6). Let j be ((-2)/1)/(6/(-741)). Let a = c + j. Is a a composite number?
False
Let g be (-1)/(-2)*12/3. Let a be 562 - ((2 - 2) + g). Suppose -l + 340 = 2*l - r, 5*l - 3*r = a. Is l prime?
False
Let m(x) be the third derivative of 19*x**5/30 + x**3/2 + 3*x**2. Let u be (-91)/(-35) + (-3)/5. Is m(u) a prime number?
False
Let r(u) = 845*u**2 + 3*u + 5. Is r(-2) a prime number?
False
Let w(f) = -21*f - 18*f + 15*f - 5 - 28*f. Suppose -15 = 3*y + 3. Is w(y) composite?
False
Let q be 6/9*-3 + 3 + 0. Let v(b) = 1694*b - 1. Is v(q) composite?
False
Let d = -12 - -14. Let l(w) = 0*w**3 - 3*w - 5 + 14*w**d + w**3 - 1. Is l(-7) a composite number?
True
Suppose -2*u + m = -23291 + 5440, 26754 = 3*u + 3*m. Is u composite?
False
Suppose -3*t = -5*c + 7020, -3533 = -3*c - t + 693. Let u = c - -1096. Is u prime?
True
Suppose 5*x - 4*h - 110875 = 0, -14*x = -15*x + 4*h + 22159. Is x a composite number?
True
Let y be -3 + (-1 - (-13 + 4)). Suppose f - 736 = -3*f. Suppose f = y*q - q. Is q prime?
False
Suppose 0 = -2*t + 65546 + 11540. Is t prime?
True
Let t = 21 + -30. Let c be t/6*(-16)/6. Suppose -c*j = 25 - 261. Is j prime?
True
Suppose 75 = -6*t + 39. Is (-7 - t)*(-54 + 2/2) composite?
False
Suppose 15 = -2*w + 5*k, 0*w + 5*w - 2*k = -6. Suppose 0 = -2*g - g, 3*z + 3*g - 483 = w. Is (1 - 2*z)/(-1) composite?
True
Suppose 7*t + t = 40. Suppose -2*s - 23 = -3*s + 4*i, -96 = -t*s + i. Is s a composite number?
False
Let v = -102 - -190. Suppose -3*g - v = -2206. Is g a prime number?
False
Suppose -10*w + 9*w = -1516. Suppose 13*m - 9*m - w = 0. Is m prime?
True
Let w = -506 - -2877. Is w composite?
False
Let o = -13209 - -33367. Is o a prime number?
False
Suppose 30868 = -165*d + 169*d. Is d a prime number?
True
Suppose -2*t + 25 = 5*x, -5*x + 29 = -2*x + 4*t. Suppose 3*o + 12891 = 5*k + o, x*k - 7740 = 3*o. Let l = -1442 + k. Is l a prime number?
False
Let s(o) = o + 3. Suppose -n = 3*n - f - 31, 5*n - 5*f - 35 = 0. Let w be s(n). Let l(g) = -g**3 + 12*g**2 + 8*g - 4. Is l(w) a prime number?
False
Let h(y) = -y**3 + 2*y**2 - 2*y + 15. Let l be h(3). Suppose l*a = -a + 389. Is a a composite number?
False
Let c(w) be the first derivative of -63*w**4 + w - 1/3*w**3 + 1/2*w**2 + 2. Is c(-1) composite?
False
Let h(t) = 3532*t - 1067. Is h(14) a composite number?
True
Let h be -1 - (432/(-15))/(3/60). Suppose 0 = 4*m + 4*t - 2708, 3*m = -4*t + h + 1454. Is m prime?
False
Let h(u) = 514*u**3 - u**2 + 4*u - 2. Is h(1) a prime number?
False
Is ((-84)/(-16) + -6)*1996/(-3) a composite number?
False
Let s(y) be the second derivative of 90*y**5 + y**4/12 - y**3/2 + y**2 + 7*y. Let h be s(1). Let r = h - 1123. Is r a prime number?
True
Let k(z) = -7*z - 9. Let u be k(-4). Let i = 17 - u. Is (328 + i)*3/6 prime?
True
Let y be ((-2)/10 - 1)/((-40)/100). Suppose -y*n + 5904 = 2*k - 4*k, 0 = 2*n - 5*k - 3947. Is n composite?
True
Is ((-5)/((-40)/6))/(3/23516) composite?
False
Let h be (4/(-6))/(4/(-6)). Let o = -42 - -44. Suppose x - 362 = 3*f, -h - 5 = -o*f. Is x prime?
False
Suppose -p + 5*u - u = -7713, 3*p - u = 23150. Is p composite?
False
Suppose 0 = -10*y - 50561 + 366231. Is y a composite number?
False
Is (-4863)/6*-2*1 a prime number?
True
Let p = 81 - 71. Suppose -p*y = -8*y - 298. Is y a prime number?
True
Let y(u) = 6*u + 22*u + 12 + 2*u + 5*u. Is y(7) composite?
False
Let d(f) = 191*f**2 - f + 1. Suppose -t = -2*l, 8 = -3*t + 5*t. Suppose l*p = 4*p - 2. Is d(p) a composite number?
False
Suppose 0 = 3*x + f - 18736, 7*f + 12519 = 2*x + 2*f. Is x a composite number?
False
Let j(h) = -11*h**3 - 6*h**2 - 6*h + 4. Suppose -27*d + 35*d = -40. Is j(d) a composite number?
False
Is (-2148)/8*(4 - 1550/15) a composite number?
True
Suppose -p - 4 = -3*p. Suppose h - 2*k - 261 = 0, 2*h - p*k - 3*k - 527 = 0. Is h a prime number?
True
Suppose 5*x = 3*d, 0 = 5*d - 2*x - 29 + 10. Let q(c) = 7*c**2 - 6*c - 4. Let s be q(-14). Suppose -s = -d*k - 267. Is k a composite number?
True
Suppose -k + 1340 